st the prime factors of 3473968300.
2, 5, 11, 23, 61, 2251
List the prime factors of 7422684314.
2, 433, 8571229
List the prime factors of 2329831949.
251, 577, 16087
List the prime factors of 1873479084.
2, 3, 17, 1039, 8839
List the prime factors of 8690290365.
3, 5, 29, 47, 425057
What are the prime factors of 37618682?
2, 139, 135319
List the prime factors of 59931400.
2, 5, 29, 10333
List the prime factors of 1444381632.
2, 3, 278623
What are the prime factors of 1399646305?
5, 19, 14733119
What are the prime factors of 5242828598?
2, 7, 53498251
List the prime factors of 37690154.
2, 3041, 6197
List the prime factors of 557994847.
887, 629081
List the prime factors of 4187013.
3, 1395671
What are the prime factors of 198475584?
2, 3, 107, 9661
What are the prime factors of 62144049?
3, 11, 1883153
List the prime factors of 891488224.
2, 11, 2532637
What are the prime factors of 23240085?
3, 5, 11, 61, 2309
What are the prime factors of 930561816?
2, 3, 38773409
What are the prime factors of 2857352434?
2, 281, 829, 6133
List the prime factors of 1439384005.
5, 547, 526283
What are the prime factors of 432849802?
2, 7, 11, 2810713
List the prime factors of 205596829.
205596829
List the prime factors of 294580933.
294580933
What are the prime factors of 46529585?
5, 607, 15331
List the prime factors of 24287452.
2, 7, 867409
What are the prime factors of 41378951?
41378951
List the prime factors of 223248438.
2, 3, 7, 29, 107, 571
What are the prime factors of 55469274?
2, 3, 7, 26953
What are the prime factors of 1736193895?
5, 29, 61, 196291
What are the prime factors of 1000507389?
3, 7, 47643209
List the prime factors of 8041978.
2, 7, 19, 617
What are the prime factors of 1049985311?
47, 991, 22543
What are the prime factors of 4937327?
17, 359, 809
List the prime factors of 44911991.
19, 2363789
What are the prime factors of 22169097?
3, 269, 9157
What are the prime factors of 3372855223?
449, 2053, 3659
List the prime factors of 788656540.
2, 5, 7, 59, 95479
List the prime factors of 9004316511.
3, 281, 10681277
List the prime factors of 21560116.
2, 1867, 2887
What are the prime factors of 158443265?
5, 83, 381791
What are the prime factors of 110645776?
2, 1069, 6469
List the prime factors of 28362473.
23, 53, 439
What are the prime factors of 2998427955?
3, 5, 17, 643, 18287
What are the prime factors of 102400713?
3, 113, 33563
What are the prime factors of 7707818283?
3, 11, 233570251
What are the prime factors of 1483091423?
11, 134826493
List the prime factors of 56012058.
2, 3, 43, 72367
What are the prime factors of 90448932?
2, 3, 7, 1076773
List the prime factors of 5077718647.
1571, 3232157
List the prime factors of 96824498.
2, 1093, 44293
What are the prime factors of 3288965546?
2, 23, 67, 373, 2861
List the prime factors of 3951506556.
2, 3, 61, 191, 9421
What are the prime factors of 76691956?
2, 11, 1742999
List the prime factors of 140566132.
2, 7, 17, 29, 599
List the prime factors of 37419504.
2, 3, 779573
List the prime factors of 5085307180.
2, 5, 29, 8767771
What are the prime factors of 1646490559?
7, 235212937
List the prime factors of 9609204.
2, 3, 11, 72797
What are the prime factors of 10094373?
3, 401, 2797
List the prime factors of 21048836.
2, 5262209
What are the prime factors of 869601877?
337, 2580421
What are the prime factors of 601174471?
107, 1163, 4831
What are the prime factors of 36340642?
2, 13, 1397717
List the prime factors of 24690909.
3, 61, 134923
What are the prime factors of 99901481?
1187, 84163
What are the prime factors of 23749682?
2, 11, 1079531
List the prime factors of 51425836.
2, 7, 11, 166967
What are the prime factors of 55992242?
2, 103, 271807
List the prime factors of 113576028.
2, 3, 73, 317, 409
What are the prime factors of 123717795?
3, 5, 8247853
What are the prime factors of 48387771?
3, 43, 97, 1289
What are the prime factors of 62526284?
2, 409, 38219
List the prime factors of 7012944704.
2, 109577261
List the prime factors of 1927869464.
2, 2269, 106207
List the prime factors of 2475484235.
5, 7, 811, 87211
List the prime factors of 265225814.
2, 7, 18944701
List the prime factors of 2362296740.
2, 5, 89, 1327133
List the prime factors of 82361818.
2, 7, 11, 257, 2081
List the prime factors of 51081486.
2, 3, 269, 31649
What are the prime factors of 299605825?
5, 11984233
What are the prime factors of 1097049634?
2, 8287, 66191
What are the prime factors of 68236411?
179, 381209
List the prime factors of 6438874455.
3, 5, 13, 11006623
List the prime factors of 2007771081.
3, 669257027
List the prime factors of 48601866.
2, 3, 277, 29243
List the prime factors of 248407850.
2, 5, 4968157
What are the prime factors of 1085660177?
7, 647, 239713
List the prime factors of 180494963.
11, 509, 32237
What are the prime factors of 102020888?
2, 2749, 4639
What are the prime factors of 491918468?
2, 122979617
List the prime factors of 316625737.
139, 2277883
List the prime factors of 46840028.
2, 11710007
List the prime factors of 185408416.
2, 53, 109321
What are the prime factors of 78591388?
2, 19647847
List the prime factors of 74038985.
5, 14807797
What are the prime factors of 915713863?
915713863
List the prime factors of 271561921.
67, 4053163
List the prime factors of 5533869840.
2, 3, 5, 331, 69661
What are the prime factors of 2013510?
2, 3, 5, 41, 1637
What are the prime factors of 29716437?
3, 19, 23, 1193
What are the prime factors of 403835244?
2, 3, 33652937
What are the prime factors of 72908804?
2, 23, 792487
List the prime factors of 96249607.
1787, 53861
What are the prime factors of 227499819?
3, 75833273
What are the prime factors of 257166664?
2, 29, 1108477
What are the prime factors of 5194083726?
2, 3, 13, 83, 267433
List the prime factors of 724485466.
2, 19, 19065407
List the prime factors of 77129280.
2, 3, 5, 79, 113
What are the prime factors of 1090230595?
5, 218046119
What are the prime factors of 1580372885?
5, 7, 13, 47, 67, 1103
What are the prime factors of 21472509?
3, 7157503
List the prime factors of 83405972.
2, 13, 19, 29, 41, 71
What are the prime factors of 364857304?
2, 7, 19, 137, 2503
What are the prime factors of 310478706?
2, 3, 17248817
List the prime factors of 73591849.
601, 122449
List the prime factors of 124212.
2, 3, 11, 941
List the prime factors of 174100115.
5, 7, 683, 7283
List the prime factors of 80979618.
2, 3, 71, 190093
List the prime factors of 875769772.
2, 218942443
List the prime factors of 4805983.
7, 13, 52813
List the prime factors of 197416183.
59, 271, 12347
List the prime factors of 1535187110.
2, 5, 3371, 45541
List the prime factors of 765622049.
1171, 653819
What are the prime factors of 170384441?
1307, 130363
List the prime factors of 149724289.
11, 13, 149, 7027
What are the prime factors of 98725262?
2, 107, 461333
What are the prime factors of 32111633?
3907, 8219
List the prime factors of 30105543.
3, 13, 771937
What are the prime factors of 3001623693?
3, 13151, 76081
List the prime factors of 267131440.
2, 5, 3339143
List the prime factors of 1345057758.
2, 3, 11, 29, 113, 691
What are the prime factors of 145781012?
2, 13, 67, 41843
List the prime factors of 273230301.
3, 91076767
List the prime factors of 470340992.
2, 11, 334049
List the prime factors of 4115264134.
2, 39563, 52009
List the prime factors of 224818127.
19, 11832533
List the prime factors of 22540992.
2, 3, 19, 37, 167
What are the prime factors of 356867775?
3, 5, 11, 37, 433
What are the prime factors of 528775523?
59, 761, 11777
What are the prime factors of 1283794407?
3, 7, 1559, 4357
List the prime factors of 769368047.
7, 37, 2970533
What are the prime factors of 1169899747?
1169899747
List the prime factors of 11081075.
5, 443243
What are the prime factors of 42175029?
3, 13, 59, 18329
What are the prime factors of 27441498?
2, 3, 7, 101, 6469
What are the prime factors of 12344101?
7, 11, 160313
What are the prime factors of 426681319?
503, 848273
What are the prime factors of 4508153090?
2, 5, 7, 1249, 51563
What are the prime factors of 6864585935?
5, 167, 8221061
What are the prime factors of 544740361?
11, 2273, 21787
List the prime factors of 22780646.
2, 7, 17, 95717
What are the prime factors of 